he prime factors of v?
17
What are the prime factors of 3/(1 - (-56)/(-68))?
17
Let p = 65 - 46. Suppose 3*n + 0*n = 5*f + p, -5 = f. Let i(h) = h**3 + 3*h**2 + h. What are the prime factors of i(n)?
2
Let q(z) = -z**2 - 7*z. Let o be q(-6). Suppose p = r - 13, p - 15 + o = -r. What are the prime factors of r?
11
Suppose m = 3 - 1. Suppose 5 = m*b - 1. What are the prime factors of (-2 - (-4 + 0))*b?
2, 3
Suppose -4*y + x + 10 = -7, 2*y - 31 = 5*x. Suppose -z - y*z = 0. Suppose c + 1 = -g + 2*g, z = -4*c + 4. List the prime factors of g.
2
Let d = 4 + -2. What are the prime factors of ((-20)/15)/(d/(-33))?
2, 11
Let z(a) = a**3 - 5*a**3 - a + 3*a**3 - 4*a**2 + 3*a**2. What are the prime factors of z(-2)?
2, 3
What are the prime factors of 40/30 + -1 - (-2122)/6?
2, 3, 59
Let g = -12 - -2. What are the prime factors of (-2)/g - 414/(-30)?
2, 7
Let r(j) = 6*j**2 - 3*j + 1. Let y(o) = -o**2 + 12*o - 8. Let w be y(11). List the prime factors of r(w).
2, 23
Let k(v) = 23*v**2 + 1. Let p be k(-1). Let y = p - 13. List the prime factors of y.
11
Let v = 283 - 169. What are the prime factors of v?
2, 3, 19
Suppose 3*i - 301 = -5*d, 0*d + 4*d - 493 = -5*i. Suppose -4*z + i = -15. Suppose -4*s + 5*m = -28, -4*s = m - 0*m - z. What are the prime factors of s?
7
Let l be 42/(-49)*-1*7. Suppose -6 = -0*j - j - 2*w, -l = 4*j - 2*w. Let b(q) = q + 10. List the prime factors of b(j).
2, 5
Suppose -2*w - 3*s = -6, -2*s = -3*w + 23 + 12. Let m = w - 5. List the prime factors of m.
2
Let r = 74 + -43. List the prime factors of r.
31
Let m be (0 - 2)/(-1) + 23. Suppose -5*l = 2*g - m, -2*g - g + 5*l = -75. What are the prime factors of g?
2, 5
Suppose 6*a - 3*a = 9. What are the prime factors of a?
3
Suppose 2*t + u = 4*t - 134, -t + 61 = -2*u. What are the prime factors of t/3*5/5?
23
Let b(j) = -j**3 + 6*j**2 + 7*j - 2. Let l be b(7). List the prime factors of (3 + l)*-1*-7.
7
Let n(j) = -2*j - 4. Let r be 1 + 30/(-3) + 2. Let k be n(r). Let p = k - -6. List the prime factors of p.
2
Suppose 4*q - 5*i = 516, 9*i - 240 = -2*q + 7*i. List the prime factors of q.
2, 31
Suppose -3*g + 178 - 13 = 0. What are the prime factors of g?
5, 11
Suppose 0 = q - 39 - 1. List the prime factors of q.
2, 5
Let r be (-2)/4*(-31 - -5). Suppose r = 5*l - 7. List the prime factors of l.
2
Suppose -3*c - 2*c = -30. Let p be ((-4)/c)/(8/(-12)). List the prime factors of 5 + 1*(0 - p).
2
Suppose 0 = -2*n + 5 + 1. What are the prime factors of (n + (-26)/(-2))/1?
2
Let v(x) be the second derivative of -x**5/20 + 3*x**4/4 - x**3/2 + x. Let k be v(8). Suppose 13 = -3*d - 3*b + k, b + 27 = 5*d. List the prime factors of d.
2, 3
Let t = -58 - -90. What are the prime factors of t?
2
Let r be (-7)/(14/4) + 23. Suppose -3*u - 3*c = -r, 37 = 5*u - 0*c + 3*c. List the prime factors of u.
2
Let p(q) = 12*q**3 + q**2 + 2*q - 3. Let j(m) = -24*m**3 - 3*m**2 - 5*m + 7. Let l(t) = -3*j(t) - 7*p(t). What are the prime factors of l(-1)?
13
Let i be -1*((-2)/1 + -1). Let z(r) = -4*r + 2 - r**2 + 3*r - 5*r**2 + r**i + 6*r. List the prime factors of z(5).
2
Let w be (5 + 2/1)/1. Let f = w - 5. List the prime factors of (-1)/f + 15/2.
7
Let a = -3 - -5. Let t be 3/(-3)*-12 - a. Suppose -5*y + t - 70 = -5*s, -s + 3*y = -20. List the prime factors of s.
2
Let f(h) = -3*h**3 - 4 + 2*h**3 + 6*h**2 - 3*h + 4*h. Let m be f(6). List the prime factors of (2 - 1)/(m/22).
11
Let i = -13 + 18. Suppose 39 = i*o - 11. Suppose -4*x = -o - 26. What are the prime factors of x?
3
Suppose 0*q = -2*q + 126. Suppose 4*d = 7*d - q. List the prime factors of d.
3, 7
Let p(y) = -y**3 - 5*y**2 + 8*y + 8. Let q be p(-6). Let k = 11 + q. List the prime factors of k.
7
Suppose 0 = -0*v - v. Suppose -x - g + 11 = v, -1 = 2*g + 1. List the prime factors of x.
2, 3
Let k(b) = -b**3 + 6*b**2 + 2*b - 9. Let d be k(6). Suppose 0 = -2*q - i - 0*i + 13, -q - d*i = 1. List the prime factors of q.
2
Suppose 27*u + 805 = 34*u. What are the prime factors of u?
5, 23
Let b = -4 + 6. Suppose 7*l = 3*l + b*m - 8, -3*l = -m + 4. List the prime factors of -3 + l - (-19)/1.
2
Let t = 36 - 3. List the prime factors of t.
3, 11
Let j = -901 - -501. What are the prime factors of (j/(-24))/((-4)/(-6))?
5
Suppose 4*w - g = w + 458, -769 = -5*w - 4*g. List the prime factors of w.
3, 17
Suppose -2 + 4 = f. Suppose -4 + 68 = f*q. Suppose -g + 5 = 3*z - 13, -5*z - g + q = 0. What are the prime factors of z?
7
Let x(j) = -2*j + 48. List the prime factors of x(17).
2, 7
Suppose -134 = -4*t - 14. What are the prime factors of t?
2, 3, 5
Let l(i) = 7*i**2 + 4*i + 50. List the prime factors of l(-5).
5, 41
Suppose -2*q + 7*z = 2*z - 582, -5*z = -3*q + 883. What are the prime factors of q?
7, 43
Let v(k) = -12*k - 3. Let b be v(-2). Let j = b + -4. List the prime factors of j.
17
Let p be -3*(-20)/(-18)*-6. Let g = -11 + p. List the prime factors of g.
3
Suppose 0*w + 194 = 3*w - 4*c, -2*c + 358 = 5*w. What are the prime factors of w?
2, 5, 7
List the prime factors of (165/5)/(9/6).
2, 11
Suppose -3 = -3*o - 66. Let x = o + 46. What are the prime factors of x?
5
Let u = 3 + 84. What are the prime factors of u?
3, 29
Suppose -65 = 3*b + 2*v + 145, -275 = 4*b + v. Let y = -38 - b. What are the prime factors of y?
2, 3, 5
Let m = -10 - -6. Let i be (-7)/m + (-2)/(-8). Suppose -i*x = -2 - 8. What are the prime factors of x?
5
Let z be -4*2/2 - -2. Let o be (-1)/(-4)*z*-10. Let g = 0 + o. List the prime factors of g.
5
Let a(f) = -f - 6 + 5*f**2 + 3 + 4. Let v be a(1). Suppose -v*x - 3*o + 24 = -21, -4*x + 9 = -3*o. What are the prime factors of x?
2, 3
Let d be 10 + 1/3*3. Let h(w) = -w**2 - 6*w - 2. Let m be h(-5). Suppose -5*j - d = 2*f, -4*f = -0*f - m*j - 43. List the prime factors of f.
7
Let v(y) = 36*y**2 - 23*y + 1. List the prime factors of v(3).
2
Let t(g) = g**2 + 7*g - 10. Suppose 2 = -2*c - y - 14, -2*c + 2*y = 28. What are the prime factors of t(c)?
2, 5
Let g = 53 + -22. Let k = -22 + g. What are the prime factors of k?
3
Suppose 5*l + 4*q = -q + 5, -2*l + 5*q + 9 = 0. Suppose -5*c - 5*b + 161 = -l*b, 0 = b + 3. List the prime factors of c.
2, 17
Suppose -3*o + 125 + 88 = 0. What are the prime factors of o?
71
Let c = -58 - -83. List the prime factors of c.
5
Suppose 0*a + 4*a - 204 = 0. List the prime factors of a.
3, 17
Suppose -151 = -5*f + 124. Suppose 0 = -y - 4*y + f. List the prime factors of y.
11
Suppose -4*f - f = -4*q + 84, -q + 76 = -4*f. Let k = f - -33. What are the prime factors of k?
13
List the prime factors of ((-48)/15 + 2)/(6/(-160)).
2
Let a(q) = 23*q - 5. Let x(d) = 23*d - 6. Let u(z) = -5*a(z) + 4*x(z). List the prime factors of u(-1).
2, 3
Let c(h) = h**2 + 2*h + 11. List the prime factors of c(-9).
2, 37
Let y(h) = -h**2 - 21*h + 4. List the prime factors of y(-20).
2, 3
Suppose 0*q - 3*q + 9 = 0. Suppose -3 = -2*b + v, 5*b - q*v = -2*v + 9. Suppose 2*h = b*z - 18, -43 = -3*z + 2*h - 7*h. What are the prime factors of z?
11
Let y be (-4)/12 - 21/(-9). Suppose -3*k + 15 = y*k. Suppose 4*a - 42 = 5*o, a - o + 14 = k*a. List the prime factors of a.
2
Let b(r) = r**3 + 2*r**2 - r + 3. Let g be b(-3). Let x = 4 + g. What are the prime factors of (5 - 0)/(x/2)?
2, 5
Let i = -31 + 94. Suppose -4*b = -7*b + i. List the prime factors of b.
3, 7
Let w(g) = -30*g - 12. What are the prime factors of w(-4)?
2, 3
Let t(h) = -3*h + 1. What are the prime factors of t(-11)?
2, 17
Suppose 0 = q + 8 - 10. Suppose 2*y = -0*g + 4*g - 22, q*y + 2 = 0. What are the prime factors of g?
5
Let y be (-27)/6*6/(-3). Let r be 2/8 - 51/(-4). Let i = r + y. What are the prime factors of i?
2, 11
Suppose -4*r + 251 + 61 = -4*b, -5*b = 20. List the prime factors of r.
2, 37
Let n be (2/(-2) - -1)/(-3). Suppose 3*v - 22 = 2*l, n = l - 3*l + 2. List the prime factors of v.
2
Suppose -2*o + 4*q - 4 = -4*o, 19 = 5*o + q. Suppose -3 + o = v. What are the prime factors of 3/(1*v/1)?
3
Suppose -4*o + o = -78. Let x = o - 22. List the prime factors of x.
2
Let j be 18/4*8/6. Let d be 5/(15/6) - 3. What are the prime factors of ((-4)/j)/(d/15)?
2, 5
Suppose 3*y - 6 = 9, 3*h + 3*y = 60. List the prime factors of (-10)/h*30/(-2).
2, 5
Let u(f) = -f**3 - 10*f**2 + 8*f - 7. List the prime factors of u(-11).
2, 13
Let h(y) = 4*y**3 + y**2. Let t be h(1). Let g = 15 + -1